 of r**3/2 - 3*r**2 - 4*r. What is the units digit of m(7)?
5
Let q(j) = 5*j**2 - j. Suppose -5*n + 3*b + 22 = 0, 0*b = 5*n + b - 26. Suppose 9*s = 4*s - n. What is the units digit of q(s)?
6
Let g(z) = 2*z**3 + 2 - 7*z**2 - z**3 + 2*z + 2*z**2 + 3*z. Let d be g(4). Let r(j) = j**2 - 5*j - 3. What is the units digit of r(d)?
3
Suppose -2*w + 26 = -4*h, 0 = 3*w - 5*w + 2*h + 28. Let r be ((-2)/(-2))/(3/w). Suppose 2*q = r*f + 6, -35 + 3 = -4*q + 5*f. What is the tens digit of q?
1
Suppose -5*x + 4*s + 147 = -336, 4*x = 4*s + 384. What is the tens digit of x?
9
Suppose 3*g + 28 = -g. Let k = -3 - g. Suppose 3*b = j + 1, 5*j = k*j - 4*b + 20. What is the units digit of j?
8
Suppose -2*i - 4*q = -58, -86 = -4*i - 4*q + 2*q. Suppose 5*y - 4*z = 54, 5*z + i = 4*y - 17. What is the units digit of y?
4
Let j(d) = -2 - 1 + 11*d + d**3 - 8*d**2 - 2 - d. What is the tens digit of j(7)?
1
Suppose -5*o = -3 - 2. Suppose a - 8 - o = 0. Suppose -4*r - 1 = -q + 2, -5*r = 3*q - a. What is the units digit of q?
3
Suppose -4*g + 20 - 4 = 0. What is the units digit of ((-6)/g)/(1/(-2))?
3
Let f be 32/(-5) - (-2)/5. Let d be (-3)/f + (-7)/2. Let v = 9 + d. What is the units digit of v?
6
Let p(y) = -y**2. Let d(h) = -h + 8. Let i be d(9). Let f be p(i). Let s = 0 - f. What is the units digit of s?
1
Let a = -42 + 30. What is the units digit of 2/(-8) - 99/a?
8
Suppose -3*f - 4*y = -120, 2*y + y = 5*f - 171. What is the tens digit of f?
3
Suppose -14*k = 1128 - 3200. What is the hundreds digit of k?
1
Let j(v) = 2*v - 14. Let d = 44 - 14. Suppose 5*x - d - 25 = 0. What is the units digit of j(x)?
8
Let p(v) = 7*v - 9. What is the tens digit of p(6)?
3
Suppose -10*t - 675 = -25*t. What is the units digit of t?
5
Let h(a) = 2*a**2 + 3*a + 2. Let z = -9 + 6. What is the tens digit of h(z)?
1
Let t(u) = -8 - 2*u**2 - 10*u - u**2 + 2*u**2. What is the tens digit of t(-7)?
1
Let v = -94 + 201. What is the tens digit of v?
0
Let v be (-8)/4 - -41*2. Let w = v + -32. Suppose 0 = -5*l - 4*t + w, -5*t + 10*t = 5*l - 30. What is the units digit of l?
8
What is the tens digit of 2/(2 + 285/(-144))?
9
Let b = 41 - 18. Suppose -2*q = -3*n + 2*q + b, -3*n + q + 26 = 0. Let t = n + -5. What is the units digit of t?
4
Let a = -12 + 19. Let m(h) be the third derivative of -h**5/60 + h**4/3 + h**3/6 - h**2. What is the units digit of m(a)?
8
Let c = 15 + -7. Suppose 0 = v - 5*v + c. Suppose w = 2*i - 2 + 1, -5*w + v*i = -3. What is the units digit of w?
1
Suppose 15 = 2*m + m. Suppose -3*v - 5*o = 9, 5*v + 3*o + 2 = 3. Let h = m - v. What is the units digit of h?
3
Let b = -8 - -11. Let s = -1 + b. Suppose -y = s*y - 15. What is the units digit of y?
5
Suppose -446 = -8*y + 298. What is the tens digit of y?
9
Let q = 7 - 11. What is the tens digit of (q/6)/(8/(-120))?
1
Let d(s) = 3*s**2 - 2*s - 6. What is the tens digit of d(4)?
3
Suppose -2*w = -0*w - q + 1, 0 = 4*q - 4. What is the units digit of -3 + (-1 + w - -15)?
1
Let z = 45 - -82. What is the hundreds digit of z?
1
Let n be 0/3 - (-118 - 1). Suppose -5*f + n = 29. What is the tens digit of f?
1
Suppose 4*u + 4*q - 4 = 0, 3*q = -2*u + 4*q + 2. Suppose -3*x - 4*k = -0*k - 43, 0 = -5*k - 10. Suppose x = 2*g - u. What is the units digit of g?
9
Let o(n) = -101*n**2 + 12*n + 17. Let m(a) = 25*a**2 - 3*a - 4. Let z(r) = 9*m(r) + 2*o(r). What is the tens digit of z(-1)?
2
Suppose -4*o - 5*w + 240 = -0*w, -5*o + 3*w + 300 = 0. What is the units digit of o/(-8)*(-3 - -1)?
5
Suppose -4*n - 76 = -236. What is the units digit of n?
0
Suppose 0*b - 72 = -2*b. What is the tens digit of b?
3
Let o(u) = -3*u - 6. Let t be o(-6). Let g = 15 - 23. Let m = t + g. What is the units digit of m?
4
Suppose 0 = -h + 7 - 3. Let r(o) = -o**3 + 6*o**2 - o + 6. Let d(y) = y**3 - 7*y**2 + 2*y - 7. Let s(f) = -3*d(f) - 4*r(f). What is the units digit of s(h)?
5
Suppose 22*i = 14*i + 1704. What is the hundreds digit of i?
2
Suppose -5*i + 298 = 2*j - 38, 0 = j - 2*i - 177. What is the hundreds digit of j?
1
Let d = -97 - -113. What is the units digit of d?
6
Let a(l) = -l**2 + 11*l - 3. Let f(o) = o**2 - 11*o + 4. Let n(v) = -5*a(v) - 6*f(v). What is the tens digit of n(8)?
1
Suppose 0 = -0*h - 5*h + 95. What is the tens digit of h?
1
Suppose -5*h + 5*a - 40 = -265, 127 = 3*h - a. What is the tens digit of h?
4
Suppose -2*c = 3*c + 615. Let m = c + 182. What is the units digit of m?
9
Suppose -5*a + 4*i = -207, 3*a - 31 - 77 = -3*i. Suppose 0 = 3*g - 4*y - a, g + y = -g + 15. What is the units digit of g?
9
Let k(d) = -d**2 + d + 4. Let v(w) = w**3 + w**2 - w. Let p be ((-2 + 2)/(-3))/(-1). Let h be v(p). What is the units digit of k(h)?
4
Suppose 30 = -h + 3*h. Suppose -5*v = -h, 6*o + 4*v - 16 = 4*o. Suppose -a - 21 = -5*s, -3*a - s + o = -15. What is the units digit of a?
4
Let j = -8 - -9. Let w be (5 - 6)/(j/(-2)). Suppose -5*m - 4*l = -2*l - 40, -w*m = -3*l - 35. What is the tens digit of m?
1
Suppose c = -8*c + 351. What is the tens digit of c?
3
Suppose 13 = -3*g - 5*s, g + 10 = -5*s - 11. Let w = -10 - -25. What is the units digit of ((-18)/w)/(g/(-30))?
9
What is the units digit of (-1 + 2)*(-245)/(-5)?
9
Suppose 0 = 2*i + i. Let o = i - -3. Suppose 5 = o*q - 19. What is the units digit of q?
8
Suppose 0*y = -2*y + 6. Let k(h) = -y*h + 1 - h + 1 + 3*h. What is the units digit of k(-5)?
7
Let n(c) = -c**3 - 15*c**2 + 12*c - 25. What is the units digit of n(-16)?
9
Suppose 0*l = l - 5. Suppose -5*n = -10, 2*n - l = 2*r - 25. What is the tens digit of r?
1
Let j be (-10)/(-3)*(-18)/(-5). Let h be 53/6 + 2/j. Let o = h + 4. What is the units digit of o?
3
Suppose -3*g + u - 28 = g, -5*g - 35 = u. Let r = -5 - g. Suppose 3*l + a - 28 = 0, 5*l + 2*a = -r*a + 42. What is the tens digit of l?
1
Let c(o) = o + 2. Let q be c(0). Suppose 28 = q*u + l, -6*u + 4*l = -u - 44. What is the units digit of u?
2
Let i = -65 - -77. Suppose -5*b + 4*t = -4*b - 4, 4*b - 1 = t. Let k = i + b. What is the tens digit of k?
1
Suppose -c = c - 6. Suppose -c*d - 10 = -g, 5*g + 0*d - 24 = 2*d. What is the units digit of g?
4
Let v(j) = -j + 5. Let n be v(8). Let a be ((-3)/(-9))/(n/(-27)). Let k = a - 1. What is the units digit of k?
2
Let n be -6*(-4)/(-8)*5. What is the units digit of (-38)/(-3) - (-10)/n?
2
Let w = 4 - -1. Suppose 0 + w = 5*h. Let r = 6 - h. What is the units digit of r?
5
Suppose 7*z - 10*z = -108. What is the tens digit of z?
3
Let s = 118 + -44. What is the tens digit of s?
7
Let i be 8*(-4)/(-8) + 68. Suppose 0 = 6*o - 0*o - i. What is the tens digit of o?
1
Let y(i) = i**2 + i + 1. Let s = 9 - 9. What is the units digit of y(s)?
1
Suppose -3*p = -3*k + k - 141, -4*p + 205 = 3*k. What is the units digit of p?
9
Suppose 133 = -2*u + 555. What is the hundreds digit of u?
2
Suppose -5*s - p = -1315, -4*p + 9*p = -3*s + 767. What is the tens digit of s?
6
Suppose p = 2*p. Suppose p = -4*w + 31 + 1. What is the units digit of w?
8
Let k(u) = -u**2 + 2*u + 5. Let m(r) = -r**2 + 3*r + 6. Let t(p) = 2*k(p) - 3*m(p). Let q be t(6). Let h = q + 12. What is the tens digit of h?
1
Let f(h) = h**2 - h + 28. Let d be f(0). Let p = d - 11. What is the units digit of p?
7
Let q(g) = -g + 47. What is the tens digit of q(-24)?
7
What is the units digit of 96/2 + (-2)/2?
7
Suppose -t + 2*r = -8, 4*t - 60 = 4*r - 8. What is the units digit of t?
8
Let l = 11 + -2. What is the units digit of l?
9
What is the tens digit of (0 + (-460)/25)*-10?
8
Let w = -12 + 42. What is the units digit of w?
0
Let f(h) = -9*h - 6. What is the tens digit of f(-10)?
8
Suppose -5*y + 61 = -4*c - 44, 4*c - 63 = -3*y. Suppose 9 = -i + y. What is the units digit of i?
2
Suppose 4*l - 92 = -2*u, u + 12 = l + 49. What is the tens digit of u?
4
Suppose 0*j - j + 5*h = -17, -5*j + 16 = -2*h. Let k be (-3)/(1/(-1)) - j. Suppose k = 3*o - 17. What is the units digit of o?
6
Suppose p - 2*c - 27 = 49, -5*p + 367 = 3*c. What is the tens digit of p?
7
Let h(p) = 2*p**3 + 3*p**2 + 2*p + 4. What is the units digit of h(4)?
8
Suppose -5 = -0*n + 5*n. Let t be 1/(n - 18/(-15)). Suppose -s + 5 = 5*w, -w + 4*s + 1 = t*s. What is the units digit of w?
1
Let v be -2 + 0 + 4 + 0. Let y be (-3 - (-3 + 2)) + v. What is the units digit of (y + (-2)/4)*-24?
2
Let d(v) = -2*v**3 + 7*v**2 + 4*v + 2. Let a be d(4